alculate a(f).
7
Let o(r) be the second derivative of 8/3*r**3 + 0 + 0*r**2 + 9*r. What is o(1)?
16
Suppose -205*g - 19*g = -77*g + 1323. Let n(j) = -2*j**2 - 14*j + 31. Give n(g).
-5
Let h(a) = -a**3 - 5*a**2 - 4*a. Suppose 5*n + 271 = 8*n + 5*l, 4*l - 182 = -2*n. Suppose -7*w = -36*w - n. Determine h(w).
-6
Suppose -4*l + 18 + 11 = 5*x, 0 = 2*x - 3*l - 7. Let q(k) = 5 - x - 5*k**2 + 6*k - k**3 - 4 + k**2 + 3. Give q(-5).
-6
Let g(v) = 1 - 5*v**2 + 9*v**2 - 9*v**2. Suppose s = 2*i - 88, -3*i = 2*i - 3*s - 222. Let f = i + -40. What is g(f)?
-19
Let h(n) = 27*n**3 - 8*n**2 + 14*n - 18. Let t(w) = 48*w**3 - 15*w**2 + 27*w - 35. Let a(q) = -7*h(q) + 4*t(q). Determine a(2).
14
Let a(w) = -20277*w**2 + 20265*w**2 + 21 + w**3 - 18*w - w. Give a(13).
-57
Let f(q) be the second derivative of 5*q**4/12 + 5*q**3/3 - 1896*q. Give f(-3).
15
Let i(b) be the first derivative of b**4/4 - 7*b**3/3 - 15*b**2/2 - 22*b + 2846. Determine i(9).
5
Let x(t) = -2*t**3 + 18*t**2 + 22*t - 196. Let n be x(9). Let d(g) = -3*g**3 + 3*g**2 - 9*g + 9. What is d(n)?
-21
Let x = 45 - 99. Let k = x + 56. Let u(j) = 23*j**2 - 10*j**2 - 15*j**2 - 2*j**3 + 3 + k*j. Determine u(-2).
7
Suppose 5*p + 4 = 4*v + 25, -2*p = 6. Let g = v - -2. Let s(k) = -3*k + 3538 - 3538 + k. Calculate s(g).
14
Let p(z) be the third derivative of 11*z**4/24 - 31*z**3/6 - 474*z**2. Calculate p(4).
13
Let s be 2/(6/(-7)) - 24/792*-11. Let h(l) = -l**3 + l**2 - 5*l - 19. What is h(s)?
3
Let i(o) = -2*o**2 + 13*o - 3. Suppose -68742*l = -68721*l - 105. What is i(l)?
12
Let m be (-32)/(-15) + -2 + (-30 - (-4530)/150). Let y(d) be the second derivative of 7/2*d**2 - m*d**4 + 0 + 5/6*d**3 + 7*d - 1/20*d**5. Determine y(-5).
7
Let x = -5233 + 5233. Let n(j) = j**2 + 2*j + 8. Give n(x).
8
Let y(v) be the first derivative of v**7/840 + v**6/72 + 7*v**5/120 + 5*v**4/24 + 227*v**3/3 + 292. Let x(u) be the third derivative of y(u). Give x(-4).
-7
Let c(x) = 19*x**2 + 13*x + 12. Let u(m) = 28*m**2 + 13*m + 12. Let j(o) = 3*c(o) - 2*u(o). Suppose -9*i - 2*i = 99. Determine j(i).
-24
Suppose -3*k = -w - 5 + 1, -5*w + 16 = -3*k. Let z(r) = -r + 1. Let n(g) = -10*g + 1. Let c(f) = -n(f) + 2*z(f). Determine c(k).
25
Let d(w) = 12 + 36 + 10*w - 23 + 2*w. What is d(-2)?
1
Let k = 600 + -580. Let y(d) = -k*d - 93 + 87 + 4*d**2 + d**3 - 8*d**2. Determine y(7).
1
Suppose 0 = -17*k + 15*k - 216. Let g = 104 - 208. Let w = k - g. Let r(h) = -h**3 - 4*h**2 + h - 2. Calculate r(w).
-6
Suppose 8*r = -89 - 7. Let s(g) = -g. Let y(d) = 4*d + 2. Let w(j) = r*s(j) - 4*y(j). Let n(c) = 6*c. Let a be n(-1). Calculate w(a).
16
Let v = 269 + -268. Let o(t) = 336*t**2 + t - v - 328*t**2 - 3*t. Determine o(-2).
35
Let c(j) = -22*j + 2161. Let n be c(98). Let i(g) = 2*g**2 + 3*g - 46. Determine i(n).
19
Let f(k) be the third derivative of 0 + 0*k**3 + 0*k - 1/60*k**5 + 0*k**4 + 66*k**2. Determine f(1).
-1
Let f(z) = -z**3 - z**2 + z + 6. Let a(q) = -3*q + 6. Let h = -51 + 115. Let v = h - 62. Let o be a(v). What is f(o)?
6
Suppose 0 = -3*d - m + 3*m - 9, 2*d + 13 = -m. Let x(r) = -2*r**2 - 7*r. Determine x(d).
-15
Let s(k) = 2*k - 5. Suppose -82*j + 32 = -81*j. Suppose j = -117*x + 121*x. Give s(x).
11
Suppose -7*k + 207 = -2*k + 237. Let z(b) = b**3 + 7*b**2 + 5*b + 19. Determine z(k).
25
Let v(k) = -k**3 - 5*k**2 - 6*k - 5. Suppose -b + 5*b - 16 = 0, -2*p - 4 = -2*b. Let h(z) = p*z**2 + 4 - 13*z - 10 + 8. Let x be h(6). Determine v(x).
3
Let s(v) = -3*v**2 + 3*v - 2. Suppose -5*q - 3*z = 653, q - 2*z + 231 = 90. Let r = 130 + q. What is s(r)?
-38
Suppose -5*r = 6 - 16. Let z be ((-42)/(-4))/(r/4). Let k(h) = -z - h**2 + 0*h**2 - 3*h + 18. What is k(-4)?
-7
Let c(w) = w**2 - 17*w - 32. Let p be c(17). Let u be (-2)/1 - p/(8 - 4). Let t(z) = -z**2 + 10*z - 14. What is t(u)?
10
Let j(t) = 5*t**2 - 21*t + 17. Let l(y) be the first derivative of y**3/3 - 3*y**2/2 + y + 97. Let r(s) = j(s) - 4*l(s). Give r(8).
5
Suppose -41*p = 4 - 4. Let h(f) = -15*f**2 - 14*f**2 + 32*f**2 + 23 - 4*f**2 - f. What is h(p)?
23
Let a(y) be the third derivative of -y**5/60 + y**4/4 + y**3/2 + 62*y**2. Suppose 218 = -18*r + 326. Determine a(r).
3
Let w(h) be the second derivative of h**5/20 - h**4/12 + h**3/3 + 16*h**2 - 2259*h. Determine w(0).
32
Let j(s) = -23 - 5 - 7*s - 3*s**3 + 2 - 19*s**2 + 16 + 8. Give j(-6).
4
Let r(f) = -f**2 - f - 1. Let c(j) = 2*j**2 - 5*j - 4. Let i be 8/20 + 6/10. Let o(d) = i*c(d) - 4*r(d). Let k = 1185 + -1184. Determine o(k).
5
Let g = 6993 + -6975. Let k(v) = -2*v**2 + 35*v - 42. Determine k(g).
-60
Let c(k) = 44*k - 3. Let h be c(3). Let x = -111 + h. Let t be (-645)/(-135) + 4/x. Let n(j) = -2*j - 2. Give n(t).
-12
Let x(t) = t**3 + 5*t**2 - 5*t + 3. Let u = -84 + -240. Let k be (-3)/4 - u/(-16). Let l be (-6)/k - 88/14. What is x(l)?
-3
Let f be (-8)/(-6)*(-435)/116 - -9. Let z(m) = -4*m + 3*m + 1 + 0*m. What is z(f)?
-3
Suppose -2*r + 9 = 5*k, 249*r - 5*k - 39 = 247*r. Let h(y) = -y**2 + 8*y + 42. Give h(r).
-6
Let d(n) = -n + 5. Let b(z) = z**2 - 26*z + 156. Let p be b(8). Calculate d(p).
-7
Let a(c) = -c**2 + 2*c - 4. Let z(p) = -p**3 - 31*p**2 - 37*p - 40. Let i be z(-30). Let o be (-6)/(-10) + 748/i. Suppose -34 + 9 = -o*h. Determine a(h).
-19
Let t be (0/(3/(-1)))/(-1). Let f(c) = c**2 + c - 28. Let g be f(6). Let l(r) = -10*r - 4 + g*r + t - r**2. Calculate l(5).
-9
Let z(o) be the first derivative of -1/2*o**2 - 5 - o + 1/3*o**3. Suppose -126*u - 439 = -61. Give z(u).
11
Suppose 645 - 125 = 40*g. Let i(m) = m**2 - 17*m + 48. Give i(g).
-4
Let m(o) = o**3 + 6*o**2 + 6*o + 2. Let r(h) = 4*h**2 - 5*h**2 - 3 - 5*h + 1 + 2 + 2. Let x be r(-6). Calculate m(x).
10
Let s(z) = 2*z + 517. Let o(i) = -21*i - 3612. Let w(t) = o(t) + 7*s(t). Let j(a) = a**2 - 5*a + 5. Let x be j(5). Give w(x).
-28
Let p(l) = -l**3 - 20*l**2 - 78*l + 84. Let g be p(-14). Let i(s) = -2*s - 33. Calculate i(g).
-33
Suppose -18*m + 20*m = -4*i + 12, 3*i - 6 = 0. Let l(p) = 4*p**2 - 4*p + 3. Determine l(m).
11
Let i(j) = -5*j + 18. Suppose 0 = -32*b + 85 + 739 - 184. What is i(b)?
-82
Suppose 6*n + 56 = 13*n. Suppose 3*l - p - 1 = 4*l, p = -4*l + n. Suppose 6*a = 3*a + l. Let s(m) = -6*m**2 - m. What is s(a)?
-7
Let a(m) = 12 - 6 + 55*m + 1 + 10 - 54*m. Suppose -c = 4*c + 40. Give a(c).
9
Let t(b) = -7*b**2 + 7. Let z(x) = -6*x**2 + 7. Let j(q) = -5*t(q) + 6*z(q). Let o(c) = c**2 + 11*c + 28. Let a be o(-7). Suppose 11*l - 6*l = a. What is j(l)?
7
Suppose -25 = -9*z + 4*z. Suppose -3*f - 21 = -n, 5*n - z*f - 151 = 4. Let w = 31 - n. Let x(p) = -3*p - 3. Determine x(w).
12
Let b(u) = 23*u + 29 + 24 - 22*u - 40 + 35. Calculate b(-37).
11
Let x(p) = p**3 + 14*p**2 - 10*p + 22. Let u be (-120)/10*(4/28)/(4/35). Calculate x(u).
-53
Let o(m) = -m**2 + 4*m + 11. Let c(l) = l**2 - 3*l - 12. Let f = 337 + -333. Let n(d) = f*c(d) + 5*o(d). What is n(8)?
7
Let o = -36 + 34. Let w(k) be the first derivative of k**6/120 + k**5/15 + k**4/12 + k**3/6 - k**2/2 + 33. Let m(h) be the second derivative of w(h). Give m(o).
5
Let k = -206 + -24. Let y = 239 + k. Let g(h) = -h + 3. Calculate g(y).
-6
Let q(w) = 2*w**2 - 2*w - 4. Let h = 41 + -35. Let g(j) = -53 - 4*j + 17*j + 24 - 2*j**2 + 26. Let v be g(h). Give q(v).
8
Let x be (-12 + 76/(-4))/(-1). Suppose 0 = 2*v - i - 9, -v + 6*v = 2*i + 20. Let q(p) = 27*p - 2 - x*p + v. What is q(-2)?
8
Suppose -20*q - 11816 + 11270 = 71*q. Let j(s) = 4 + 2 - 4*s - 1. What is j(q)?
29
Let r(d) = 3*d**3 + 22*d**2 - 11. Let q(h) = h**3 + 8*h**2 - 4. Let b(o) = -8*q(o) + 3*r(o). Let l = 3 + -6. Calculate b(l).
-10
Let o(z) = -453 + 28*z - 415 + 1284 - 414. Determine o(1).
30
Let i(w) = -w**2 + 9*w - 5. Suppose 0 = 4*a + 1880 + 128. Let j be (a/(-12) + 1/6)/1. Let z be 96/j*(-21)/(-6). Calculate i(z).
3
Let o(m) = 69*m + 282. Let g be o(-4). Let n(d) = d**2 + 7*d - 84. Calculate n(g).
-6
Let w be 7/((-7)/(-2)) - -5 - 4. Suppose -w*g + g = -18. Let s(r) = 17*r**2 - 4 - 6*r + 8 - g*r**2 - 6*r**2. What is s(4)?
12
Suppose 0 = 9*i - 8*i + 6. Let o(b) = b**2 + 3*b - 14. Let f be o(i). Let v(l) be the second derivative of l**4/12 - 2*l**3/3 + l**2 + 3*l. Calculate v(f).
2
Let s(k) be the third derivative of 0 - 1/3*k**3 - 15*k**2 + 1/24*k**4 + 0*k. Let p be (-171)/33 + 10/55. Calculate s(p).
-7
Let s(o) = -8*o + 1. Let p(i) = -i - 637 + 637.